lculate the remainder when 2188803 is divided by 128753.
2
Calculate the remainder when 180564 is divided by 45134.
28
Calculate the remainder when 487519 is divided by 497.
459
Calculate the remainder when 2318154 is divided by 839.
836
What is the remainder when 23001339 is divided by 264383?
18
Calculate the remainder when 8423308 is divided by 4999.
4992
What is the remainder when 417967 is divided by 1793?
198
What is the remainder when 22357094 is divided by 1242059?
32
What is the remainder when 1474761 is divided by 113438?
67
Calculate the remainder when 2454803 is divided by 843.
830
Calculate the remainder when 19453 is divided by 9662.
129
What is the remainder when 146625884 is divided by 2293?
2292
Calculate the remainder when 34120230 is divided by 106.
102
What is the remainder when 48985581 is divided by 23?
20
Calculate the remainder when 303843 is divided by 151878.
87
What is the remainder when 2933502 is divided by 43783?
41
Calculate the remainder when 436617 is divided by 436608.
9
Calculate the remainder when 496361649 is divided by 6467.
6465
What is the remainder when 253221 is divided by 398?
93
What is the remainder when 39182780 is divided by 491?
489
What is the remainder when 715945 is divided by 119236?
529
Calculate the remainder when 28852222 is divided by 73.
67
Calculate the remainder when 16390087 is divided by 1091.
1085
What is the remainder when 1768988 is divided by 7559?
182
Calculate the remainder when 101679 is divided by 1037.
53
What is the remainder when 161591 is divided by 78?
53
What is the remainder when 25811656 is divided by 113209?
4
Calculate the remainder when 907859 is divided by 2919.
50
What is the remainder when 214450 is divided by 276?
274
Calculate the remainder when 21697050 is divided by 2163.
2160
What is the remainder when 12300984 is divided by 5?
4
What is the remainder when 14690058 is divided by 35?
33
Calculate the remainder when 764039 is divided by 143.
133
What is the remainder when 349398 is divided by 167?
34
Calculate the remainder when 96044 is divided by 10625.
419
What is the remainder when 19079881 is divided by 473?
7
Calculate the remainder when 12768 is divided by 837.
213
What is the remainder when 1802158272 is divided by 75?
72
What is the remainder when 4317026 is divided by 6601?
6573
What is the remainder when 2871763 is divided by 24?
19
Calculate the remainder when 1818911 is divided by 1106.
647
Calculate the remainder when 244528 is divided by 30565.
8
Calculate the remainder when 154076 is divided by 667.
666
Calculate the remainder when 6681 is divided by 276.
57
Calculate the remainder when 15190 is divided by 6347.
2496
What is the remainder when 25000298 is divided by 118?
110
What is the remainder when 1702950 is divided by 1116?
1050
What is the remainder when 20607568 is divided by 107?
10
Calculate the remainder when 17599974 is divided by 1182.
1176
What is the remainder when 109362 is divided by 109093?
269
Calculate the remainder when 199367 is divided by 702.
701
What is the remainder when 473268003 is divided by 1855?
1853
Calculate the remainder when 4111293 is divided by 4157.
20
What is the remainder when 150644 is divided by 14896?
1684
What is the remainder when 35929553 is divided by 2?
1
Calculate the remainder when 1779866 is divided by 237.
233
What is the remainder when 273536 is divided by 832?
640
What is the remainder when 2641909 is divided by 172?
161
Calculate the remainder when 115232732 is divided by 3200909.
8
Calculate the remainder when 2484158 is divided by 142.
10
Calculate the remainder when 38812400 is divided by 3104.
3088
What is the remainder when 209866 is divided by 7770?
76
Calculate the remainder when 6449287 is divided by 921324.
19
Calculate the remainder when 5566301 is divided by 3017.
2953
What is the remainder when 1741701 is divided by 43?
29
What is the remainder when 2877740 is divided by 21801?
8
Calculate the remainder when 6041442 is divided by 17665.
12
What is the remainder when 15278621 is divided by 915?
866
What is the remainder when 1706492 is divided by 33?
29
What is the remainder when 468010 is divided by 2336?
810
Calculate the remainder when 9541670 is divided by 67.
66
Calculate the remainder when 95059 is divided by 1728.
19
Calculate the remainder when 360379 is divided by 567.
334
Calculate the remainder when 239611 is divided by 1377.
13
What is the remainder when 1638826 is divided by 109222?
496
Calculate the remainder when 83033 is divided by 343.
27
Calculate the remainder when 407275 is divided by 3636.
43
Calculate the remainder when 6588358 is divided by 41.
27
What is the remainder when 140380 is divided by 12750?
130
Calculate the remainder when 17265 is divided by 330.
105
What is the remainder when 7843464 is divided by 163405?
24
Calculate the remainder when 226193 is divided by 45171.
338
What is the remainder when 2236596 is divided by 3753?
3561
Calculate the remainder when 503513 is divided by 2134.
2023
What is the remainder when 1371205 is divided by 685594?
17
Calculate the remainder when 248501 is divided by 7306.
97
Calculate the remainder when 81430945 is divided by 317.
302
Calculate the remainder when 443406 is divided by 13019.
760
Calculate the remainder when 7024574 is divided by 8.
6
What is the remainder when 7401 is divided by 1483?
1469
Calculate the remainder when 1627369 is divided by 2079.
1591
What is the remainder when 1733523 is divided by 13868?
23
What is the remainder when 117965633 is divided by 3?
2
What is the remainder when 25222809 is divided by 17?
11
What is the remainder when 4829703 is divided by 67079?
15
Calculate the remainder when 745853318 is divided by 580.
578
What is the remainder when 235708583 is divided by 35?
33
Calculate the remainder when 5187653 is divided by 1253.
233
What is the remainder when 1321473 is divided by 9582?
8739
Calculate the remainder when 147400 is divided by 1456.
344
Calculate the remainder when 8920854 is divided by 1159.
31
What is the remainder when 20940148 is divided by 20?
8
Calculate the remainder when 18354 is divided by 1377.
453
Calculate the remainder when 5877917 is divided by 10.
7
Calculate the remainder when 237594504 is divided by 211383.
12
Calculate the remainder when 258155 is divided by 18439.
9
What is the remainder when 182568662 is divided by 6879?
2
What is the remainder when 4131468 is divided by 316?
84
What is the remainder when 15835 is divided by 681?
172
What is the remainder when 80343345 is divided by 2037?
2028
What is the remainder when 8987836 is divided by 641985?
46
What is the remainder when 124819 is divided by 4148?
379
What is the remainder when 599176 is divided by 299568?
40
Calculate the remainder when 453844 is divided by 18872.
916
Calculate the remainder when 4853607 is divided by 20566.
31
Calculate the remainder when 44689731 is divided by 119.
114
What is the remainder when 102474148 is divided by 55?
18
Calculate the remainder when 9318075 is divided by 9318063.
12
What is the remainder when 14968581 is divided by 200?
181
What is the remainder when 160551 is divided by 160479?
72
Calculate the remainder when 16767675 is divided by 3282.
3219
Calculate the remainder when 64362169 is divided by 5716.
9
Calculate the remainder when 140765 is divided by 237.
224
What is the remainder when 38438839 is divided by 756?
19
Calculate the remainder when 10239511 is divided by 173.
160
Calculate the remainder when 164124 is divided by 14804.
1280
What is the remainder when 1333382 is divided by 190286?
1380
What is the remainder when 95679968 is divided by 784262?
4
Calculate the remainder when 83418 is divided by 27315.
1473
What is the remainder when 12995059 is divided by 1655?
1654
Calculate the remainder when 122862862 is divided by 27.
10
What is the remainder when 212650 is divided by 445?
385
Calculate the remainder when 30757 is divided by 405.
382
What is the remainder when 558217 is divided by 452?
449
What is the remainder when 98419959 is divided by 95?
54
Calculate the remainder when 1447297 is divided by 82.
79
Calculate the remainder when 35739 is divided by 966.
963
What is the remainder when 2462411535 is divided by 1087?
1086
Calcu